{"id":982,"date":"2022-06-30T16:05:09","date_gmt":"2022-06-30T14:05:09","guid":{"rendered":"https:\/\/komornik.edu.pl\/?page_id=982"},"modified":"2023-06-07T16:41:38","modified_gmt":"2023-06-07T14:41:38","slug":"polityka_prywatnosci","status":"publish","type":"page","link":"https:\/\/komornik.edu.pl\/index.php\/polityka_prywatnosci\/","title":{"rendered":"Polityka prywatno\u015bci"},"content":{"rendered":"\t\t<div data-elementor-type=\"wp-page\" data-elementor-id=\"982\" class=\"elementor elementor-982\">\n\t\t\t\t\t\t<section class=\"elementor-section elementor-top-section elementor-element elementor-element-a0c1d0c elementor-section-boxed elementor-section-height-default elementor-section-height-default\" data-id=\"a0c1d0c\" data-element_type=\"section\" data-settings=\"{&quot;background_background&quot;:&quot;classic&quot;}\">\n\t\t\t\t\t\t<div class=\"elementor-container elementor-column-gap-no\">\n\t\t\t\t\t<div class=\"elementor-column elementor-col-100 elementor-top-column elementor-element elementor-element-d22b03c\" data-id=\"d22b03c\" data-element_type=\"column\">\n\t\t\t<div class=\"elementor-widget-wrap elementor-element-populated\">\n\t\t\t\t\t\t<div class=\"elementor-element elementor-element-51ea318 elementor-widget elementor-widget-heading\" data-id=\"51ea318\" data-element_type=\"widget\" data-widget_type=\"heading.default\">\n\t\t\t\t<div class=\"elementor-widget-container\">\n\t\t\t<h1 class=\"elementor-heading-title elementor-size-default\">Polityka prywatno\u015bci<\/h1>\t\t<\/div>\n\t\t\t\t<\/div>\n\t\t\t\t\t<\/div>\n\t\t<\/div>\n\t\t\t\t\t<\/div>\n\t\t<\/section>\n\t\t\t\t<section class=\"elementor-section elementor-top-section elementor-element elementor-element-6a0463a elementor-section-boxed elementor-section-height-default elementor-section-height-default\" data-id=\"6a0463a\" data-element_type=\"section\" data-settings=\"{&quot;background_background&quot;:&quot;classic&quot;}\">\n\t\t\t\t\t\t<div class=\"elementor-container elementor-column-gap-no\">\n\t\t\t\t\t<div class=\"elementor-column elementor-col-100 elementor-top-column elementor-element elementor-element-fd4f9b2\" data-id=\"fd4f9b2\" data-element_type=\"column\">\n\t\t\t<div class=\"elementor-widget-wrap elementor-element-populated\">\n\t\t\t\t\t\t<div class=\"elementor-element elementor-element-6abc6ef elementor-widget elementor-widget-text-editor\" data-id=\"6abc6ef\" data-element_type=\"widget\" data-widget_type=\"text-editor.default\">\n\t\t\t\t<div class=\"elementor-widget-container\">\n\t\t\t\t\t\t\t<p>Na podstawie art. 13 ust. 1 i 2 rozporz\u0105dzenia Parlamentu Europejskiego i Rady (UE) 2016\/679 z dnia 27 kwietnia 2016 r. w sprawie ochrony os\u00f3b fizycznych w zwi\u0105zku z przetwarzaniem danych osobowych i w sprawie swobodnego przep\u0142ywu takich danych oraz uchylenia dyrektywy 95\/46\/WE (og\u00f3lnego rozporz\u0105dzenia o ochronie danych), Dz.U.UE.L.2016.119.1 (dalej: RODO), uprzejmie informujemy, \u017ce:<\/p><ol><li>administratorem pozyskiwanych danych osobowych jest Komornik S\u0105dowy przy S\u0105dzie Rejonowym dla Warszawy &#8211; Mokotowa w Warszawie Aneta Jo\u0144czyk, adres siedziby: ul. Sielecka 39\/9, 00-738 Warszawa;<\/li><li>w sprawach z zakresu ochrony danych osobowych mo\u017cliwy jest kontakt\u00a0 za po\u015brednictwem poczty elektronicznej iod[at]komornik.edu.pl;<\/li><li>przetwarzanie danych osobowych odbywa si\u0119 w ramach wykonywania ustawowych zada\u0144 na\u0142o\u017conych na komornika s\u0105dowego, a tak\u017ce w zwi\u0105zku z realizacj\u0105 zawartych um\u00f3w, cel\u00f3w podatkowych, rachunkowych, w ramach prowadzonej korespondencji oraz w celu zapewnienia prawid\u0142owego funkcjonowania Kancelarii komorniczej;<\/li><li>Komornik pozyskuje dane osobowe tak\u017ce od podmiot\u00f3w trzecich, w szczeg\u00f3lno\u015bci wierzycieli, organ\u00f3w administracji publicznej, urz\u0119d\u00f3w skarbowych, organ\u00f3w rentowych, bank\u00f3w, sp\u00f3\u0142dzielczych kas oszcz\u0119dno\u015bciowo-kredytowych, podmiot\u00f3w prowadz\u0105cych dzia\u0142alno\u015b\u0107 maklersk\u0105, organ\u00f3w sp\u00f3\u0142dzielni mieszkaniowych, zarz\u0105du wsp\u00f3lnot mieszkaniowych, innych podmiot\u00f3w zarz\u0105dzaj\u0105cych mieszkaniami i lokalami u\u017cytkowymi, jak r\u00f3wnie\u017c innych instytucji i os\u00f3b, do kt\u00f3rych Komornik wyst\u0105pi\u0142 z pisemnym \u017c\u0105daniem o udzielenie informacji niezb\u0119dnych do prawid\u0142owego prowadzenia post\u0119powania egzekucyjnego, wykonania postanowienia o udzieleniu zabezpieczenia lub europejskiego nakazu zabezpieczenia na rachunku bankowym oraz wykonania innych czynno\u015bci wchodz\u0105cych w zakres jego ustawowych zada\u0144, w szczeg\u00f3lno\u015bci dotycz\u0105cych stanu maj\u0105tkowego d\u0142u\u017cnika oraz umo\u017cliwiaj\u0105cych identyfikacj\u0119 sk\u0142adnik\u00f3w jego maj\u0105tku;<\/li><li>w zale\u017cno\u015bci od sprawy wymagane jest w szczeg\u00f3lno\u015bci podanie: imienia i nazwiska, adresu zamieszkania, adresu do korespondencji, w tym adresu do korespondencji wpisanego do Centralnej Ewidencji i Informacji o Dzia\u0142alno\u015bci Gospodarczej, PESEL, NIP, informacji o stanie maj\u0105tkowym. Je\u017celi wymagaj\u0105 tego przepisy prawa, Kancelaria komornicza mo\u017ce wymaga\u0107 innych danych niezb\u0119dnych np.: na cele zwi\u0105zane z prowadzonym post\u0119powaniem, ze wzgl\u0119d\u00f3w rachunkowych lub podatkowych, na potrzeby procesu rekrutacji. W pozosta\u0142ym zakresie podanie Twoich danych jest dobrowolne. Je\u017celi jednak nie podasz tych danych lub w jakikolwiek spos\u00f3b uniemo\u017cliwisz ich przetwarzanie mo\u017ce to skutkowa\u0107 nieza\u0142atwieniem sprawy;<\/li><li>Stronom i\/lub Uczestnikom post\u0119powania, Kontrahenteom Kancelarii komorniczej przys\u0142uguje prawo do dost\u0119pu, sprostowania, usuni\u0119cia, ograniczenia przetwarzania, przeniesienia danych osobowych, kt\u00f3re ich dotycz\u0105 oraz prawo do wniesienia sprzeciwu wobec ich przetwarzania, prawo do cofni\u0119cia zgody na ich przetwarzanie. Kancelaria komornicza mo\u017ce odm\u00f3wi\u0107 wykonania \u017c\u0105dania, je\u017celi przetwarzania danych osobowych wymagaj\u0105 bezwzgl\u0119dnie obowi\u0105zuj\u0105ce przepisy prawa lub ich przetwarzania wymaga uzasadniony interes Kancelarii komorniczej;<\/li><li>danych osobowych pochodz\u0105cych z: formularzy kontaktowych umieszczonych w serwisie; poczty e-mail przesy\u0142anej bezpo\u015brednio, nie udost\u0119pnia si\u0119 osobom trzecim chyba, \u017ce stosowny organ administracji publicznej lub s\u0105d wyst\u0105pi o ich udost\u0119pnienie;<\/li><li>Kancelaria komornicza mo\u017ce udost\u0119pnia\u0107 dane osobowe podmiotom wspieraj\u0105cym Kancelari\u0119 w prowadzeniu jej dzia\u0142alno\u015bci i w \u015bwiadczeniu us\u0142ug (dostawcy i podwykonawcy), np.: doradcy, zewn\u0119trzne kancelarie prawne, podmioty zapewniaj\u0105ce wsparcie techniczne, banki, operatorzy pocztowi. Kancelaria mo\u017ce te\u017c przekaza\u0107 dane osobowe organom publicznym walcz\u0105cym z oszustwami i nadu\u017cyciami oraz innym podmiotom je\u017celi jest to wymagane obowi\u0105zuj\u0105cymi przepisami prawa i\/lub konieczne w celu wykonania na\u0142o\u017conych na Kancelari\u0119 obowi\u0105zk\u00f3w wynikaj\u0105cych z przepis\u00f3w prawa;<\/li><li>Kancelaria przechowuje dane osobowe przez czas niezb\u0119dny do wykonania wszelkich praw i obowi\u0105zk\u00f3w oraz dochodzenia roszcze\u0144 z \u0142\u0105cz\u0105cych Kancelari\u0119 stosunk\u00f3w prawnych. Dodatkowo, dane osobowe mog\u0105 by\u0107 przechowywane dla cel\u00f3w za\u0142atwiania skarg i wniosk\u00f3w innych ni\u017c z\u0142o\u017conych w toku prowadzonych przez Kancelari\u0119 post\u0119powa\u0144, prowadzenia korespondencji, zapobiegania nadu\u017cyciom i oszustwom i innym czynom zabronionym, dla cel\u00f3w statystycznych i archiwizacyjnych przez okres 5 lat od dnia zako\u0144czenia obowi\u0105zywania umowy lub zdarzenia powoduj\u0105cego konieczno\u015b\u0107 takiego przetwarzania;<\/li><li>jednocze\u015bnie, w celu rozliczalno\u015bci Kancelaria b\u0119dzie przechowywa\u0107 dane przez okres, w kt\u00f3rym Kancelaria zobowi\u0105zana jest do zachowania danych na podstawie bezwzgl\u0119dnie obowi\u0105zuj\u0105cych przepis\u00f3w (np. dla udokumentowania spe\u0142nienia wymaga\u0144 prawnych, w tym umo\u017cliwienia kontroli ich spe\u0142nienia przez organy publiczne);<\/li><li>dane osobowe nie s\u0105 przekazywane poza Europejski Obszar Gospodarczy;<\/li><li>w trakcie przetwarzania danych osobowych \u017cadne decyzje dotycz\u0105ce Pa\u0144stwa nie b\u0119d\u0105 zapada\u0107 automatycznie oraz nie b\u0119d\u0105 tworzone \u017cadne profile, co oznacza, \u017ce nie b\u0119d\u0105 podejmowane dzia\u0142ania, o kt\u00f3rych mowa w art. 22 ust. 1 i 4 RODO;<\/li><li>je\u015bli stwierdz\u0105 Pa\u0144stwo, \u017ce przetwarzanie Pa\u0144stwa danych osobowych narusza RODO, maj\u0105 Pa\u0144stwo prawo wnie\u015b\u0107 skarg\u0119 do organu nadzorczego, kt\u00f3rym w Polsce jest Prezes Urz\u0119du Ochrony Danych Osobowych; (adres siedziby: ul. Stawki 2, 00-193 Warszawa).<\/li><\/ol>\t\t\t\t\t\t<\/div>\n\t\t\t\t<\/div>\n\t\t\t\t\t<\/div>\n\t\t<\/div>\n\t\t\t\t\t<\/div>\n\t\t<\/section>\n\t\t\t\t<\/div>\n\t\t","protected":false},"excerpt":{"rendered":"<p>Polityka prywatno\u015bci Na podstawie art. 13 ust. 1 i 2 rozporz\u0105dzenia Parlamentu Europejskiego i Rady (UE) 2016\/679 z dnia 27 kwietnia 2016 r. w sprawie ochrony os\u00f3b fizycznych w zwi\u0105zku z przetwarzaniem danych osobowych i w sprawie swobodnego przep\u0142ywu takich danych oraz uchylenia dyrektywy 95\/46\/WE (og\u00f3lnego rozporz\u0105dzenia o ochronie danych), Dz.U.UE.L.2016.119.1 (dalej: RODO), uprzejmie informujemy, [&hellip;]<\/p>\n","protected":false},"author":3,"featured_media":0,"parent":0,"menu_order":0,"comment_status":"closed","ping_status":"closed","template":"","meta":{"site-sidebar-layout":"no-sidebar","site-content-layout":"page-builder","ast-site-content-layout":"","site-content-style":"default","site-sidebar-style":"default","ast-global-header-display":"","ast-banner-title-visibility":"","ast-main-header-display":"","ast-hfb-above-header-display":"","ast-hfb-below-header-display":"","ast-hfb-mobile-header-display":"","site-post-title":"disabled","ast-breadcrumbs-content":"","ast-featured-img":"disabled","footer-sml-layout":"","theme-transparent-header-meta":"enabled","adv-header-id-meta":"","stick-header-meta":"","header-above-stick-meta":"","header-main-stick-meta":"","header-below-stick-meta":"","astra-migrate-meta-layouts":"default","ast-page-background-enabled":"default","ast-page-background-meta":{"desktop":{"background-color":"","background-image":"","background-repeat":"repeat","background-position":"center center","background-size":"auto","background-attachment":"scroll","background-type":"","background-media":"","overlay-type":"","overlay-color":"","overlay-opacity":"","overlay-gradient":""},"tablet":{"background-color":"","background-image":"","background-repeat":"repeat","background-position":"center center","background-size":"auto","background-attachment":"scroll","background-type":"","background-media":"","overlay-type":"","overlay-color":"","overlay-opacity":"","overlay-gradient":""},"mobile":{"background-color":"","background-image":"","background-repeat":"repeat","background-position":"center center","background-size":"auto","background-attachment":"scroll","background-type":"","background-media":"","overlay-type":"","overlay-color":"","overlay-opacity":"","overlay-gradient":""}},"ast-content-background-meta":{"desktop":{"background-color":"var(--ast-global-color-5)","background-image":"","background-repeat":"repeat","background-position":"center center","background-size":"auto","background-attachment":"scroll","background-type":"","background-media":"","overlay-type":"","overlay-color":"","overlay-opacity":"","overlay-gradient":""},"tablet":{"background-color":"var(--ast-global-color-5)","background-image":"","background-repeat":"repeat","background-position":"center center","background-size":"auto","background-attachment":"scroll","background-type":"","background-media":"","overlay-type":"","overlay-color":"","overlay-opacity":"","overlay-gradient":""},"mobile":{"background-color":"var(--ast-global-color-5)","background-image":"","background-repeat":"repeat","background-position":"center center","background-size":"auto","background-attachment":"scroll","background-type":"","background-media":"","overlay-type":"","overlay-color":"","overlay-opacity":"","overlay-gradient":""}},"footnotes":""},"class_list":["post-982","page","type-page","status-publish","hentry"],"yoast_head":"<!-- This site is optimized with the Yoast SEO plugin v23.4 - https:\/\/yoast.com\/wordpress\/plugins\/seo\/ -->\n<title>Polityka prywatno\u015bci - Komornik S\u0105dowy Warszawa Mokot\u00f3w - Aneta Jo\u0144czyk<\/title>\n<meta name=\"robots\" content=\"index, follow, max-snippet:-1, max-image-preview:large, max-video-preview:-1\" \/>\n<link rel=\"canonical\" href=\"https:\/\/komornik.edu.pl\/index.php\/polityka_prywatnosci\/\" \/>\n<meta property=\"og:locale\" content=\"pl_PL\" \/>\n<meta property=\"og:type\" content=\"article\" \/>\n<meta property=\"og:title\" content=\"Polityka prywatno\u015bci - Komornik S\u0105dowy Warszawa Mokot\u00f3w - Aneta Jo\u0144czyk\" \/>\n<meta property=\"og:description\" content=\"Polityka prywatno\u015bci Na podstawie art. 13 ust. 1 i 2 rozporz\u0105dzenia Parlamentu Europejskiego i Rady (UE) 2016\/679 z dnia 27 kwietnia 2016 r. w sprawie ochrony os\u00f3b fizycznych w zwi\u0105zku z przetwarzaniem danych osobowych i w sprawie swobodnego przep\u0142ywu takich danych oraz uchylenia dyrektywy 95\/46\/WE (og\u00f3lnego rozporz\u0105dzenia o ochronie danych), Dz.U.UE.L.2016.119.1 (dalej: RODO), uprzejmie informujemy, [&hellip;]\" \/>\n<meta property=\"og:url\" content=\"https:\/\/komornik.edu.pl\/index.php\/polityka_prywatnosci\/\" \/>\n<meta property=\"og:site_name\" content=\"Komornik S\u0105dowy Warszawa Mokot\u00f3w - Aneta Jo\u0144czyk\" \/>\n<meta property=\"article:modified_time\" content=\"2023-06-07T14:41:38+00:00\" \/>\n<meta name=\"twitter:card\" content=\"summary_large_image\" \/>\n<meta name=\"twitter:label1\" content=\"Szacowany czas czytania\" \/>\n\t<meta name=\"twitter:data1\" content=\"5 minut\" \/>\n<script type=\"application\/ld+json\" class=\"yoast-schema-graph\">{\"@context\":\"https:\/\/schema.org\",\"@graph\":[{\"@type\":\"WebPage\",\"@id\":\"https:\/\/komornik.edu.pl\/index.php\/polityka_prywatnosci\/\",\"url\":\"https:\/\/komornik.edu.pl\/index.php\/polityka_prywatnosci\/\",\"name\":\"Polityka prywatno\u015bci - Komornik S\u0105dowy Warszawa Mokot\u00f3w - Aneta Jo\u0144czyk\",\"isPartOf\":{\"@id\":\"https:\/\/komornik.edu.pl\/#website\"},\"datePublished\":\"2022-06-30T14:05:09+00:00\",\"dateModified\":\"2023-06-07T14:41:38+00:00\",\"breadcrumb\":{\"@id\":\"https:\/\/komornik.edu.pl\/index.php\/polityka_prywatnosci\/#breadcrumb\"},\"inLanguage\":\"pl-PL\",\"potentialAction\":[{\"@type\":\"ReadAction\",\"target\":[\"https:\/\/komornik.edu.pl\/index.php\/polityka_prywatnosci\/\"]}]},{\"@type\":\"BreadcrumbList\",\"@id\":\"https:\/\/komornik.edu.pl\/index.php\/polityka_prywatnosci\/#breadcrumb\",\"itemListElement\":[{\"@type\":\"ListItem\",\"position\":1,\"name\":\"Strona g\u0142\u00f3wna\",\"item\":\"https:\/\/komornik.edu.pl\/\"},{\"@type\":\"ListItem\",\"position\":2,\"name\":\"Polityka prywatno\u015bci\"}]},{\"@type\":\"WebSite\",\"@id\":\"https:\/\/komornik.edu.pl\/#website\",\"url\":\"https:\/\/komornik.edu.pl\/\",\"name\":\"Komornik S\u0105dowy Warszawa Mokot\u00f3w - Aneta Jo\u0144czyk\",\"description\":\"Strona internetowa Komornika S\u0105dowego \",\"publisher\":{\"@id\":\"https:\/\/komornik.edu.pl\/#organization\"},\"potentialAction\":[{\"@type\":\"SearchAction\",\"target\":{\"@type\":\"EntryPoint\",\"urlTemplate\":\"https:\/\/komornik.edu.pl\/?s={search_term_string}\"},\"query-input\":{\"@type\":\"PropertyValueSpecification\",\"valueRequired\":true,\"valueName\":\"search_term_string\"}}],\"inLanguage\":\"pl-PL\"},{\"@type\":\"Organization\",\"@id\":\"https:\/\/komornik.edu.pl\/#organization\",\"name\":\"Komornik S\u0105dowy Warszawa Mokot\u00f3w Aneta Jo\u0144czyk\",\"url\":\"https:\/\/komornik.edu.pl\/\",\"logo\":{\"@type\":\"ImageObject\",\"inLanguage\":\"pl-PL\",\"@id\":\"https:\/\/komornik.edu.pl\/#\/schema\/logo\/image\/\",\"url\":\"https:\/\/komornik.edu.pl\/wp-content\/uploads\/2022\/07\/orzel.png\",\"contentUrl\":\"https:\/\/komornik.edu.pl\/wp-content\/uploads\/2022\/07\/orzel.png\",\"width\":744,\"height\":744,\"caption\":\"Komornik S\u0105dowy Warszawa Mokot\u00f3w Aneta Jo\u0144czyk\"},\"image\":{\"@id\":\"https:\/\/komornik.edu.pl\/#\/schema\/logo\/image\/\"}}]}<\/script>\n<!-- \/ Yoast SEO plugin. -->","yoast_head_json":{"title":"Polityka prywatno\u015bci - Komornik S\u0105dowy Warszawa Mokot\u00f3w - Aneta Jo\u0144czyk","robots":{"index":"index","follow":"follow","max-snippet":"max-snippet:-1","max-image-preview":"max-image-preview:large","max-video-preview":"max-video-preview:-1"},"canonical":"https:\/\/komornik.edu.pl\/index.php\/polityka_prywatnosci\/","og_locale":"pl_PL","og_type":"article","og_title":"Polityka prywatno\u015bci - Komornik S\u0105dowy Warszawa Mokot\u00f3w - Aneta Jo\u0144czyk","og_description":"Polityka prywatno\u015bci Na podstawie art. 13 ust. 1 i 2 rozporz\u0105dzenia Parlamentu Europejskiego i Rady (UE) 2016\/679 z dnia 27 kwietnia 2016 r. w sprawie ochrony os\u00f3b fizycznych w zwi\u0105zku z przetwarzaniem danych osobowych i w sprawie swobodnego przep\u0142ywu takich danych oraz uchylenia dyrektywy 95\/46\/WE (og\u00f3lnego rozporz\u0105dzenia o ochronie danych), Dz.U.UE.L.2016.119.1 (dalej: RODO), uprzejmie informujemy, [&hellip;]","og_url":"https:\/\/komornik.edu.pl\/index.php\/polityka_prywatnosci\/","og_site_name":"Komornik S\u0105dowy Warszawa Mokot\u00f3w - Aneta Jo\u0144czyk","article_modified_time":"2023-06-07T14:41:38+00:00","twitter_card":"summary_large_image","twitter_misc":{"Szacowany czas czytania":"5 minut"},"schema":{"@context":"https:\/\/schema.org","@graph":[{"@type":"WebPage","@id":"https:\/\/komornik.edu.pl\/index.php\/polityka_prywatnosci\/","url":"https:\/\/komornik.edu.pl\/index.php\/polityka_prywatnosci\/","name":"Polityka prywatno\u015bci - Komornik S\u0105dowy Warszawa Mokot\u00f3w - Aneta Jo\u0144czyk","isPartOf":{"@id":"https:\/\/komornik.edu.pl\/#website"},"datePublished":"2022-06-30T14:05:09+00:00","dateModified":"2023-06-07T14:41:38+00:00","breadcrumb":{"@id":"https:\/\/komornik.edu.pl\/index.php\/polityka_prywatnosci\/#breadcrumb"},"inLanguage":"pl-PL","potentialAction":[{"@type":"ReadAction","target":["https:\/\/komornik.edu.pl\/index.php\/polityka_prywatnosci\/"]}]},{"@type":"BreadcrumbList","@id":"https:\/\/komornik.edu.pl\/index.php\/polityka_prywatnosci\/#breadcrumb","itemListElement":[{"@type":"ListItem","position":1,"name":"Strona g\u0142\u00f3wna","item":"https:\/\/komornik.edu.pl\/"},{"@type":"ListItem","position":2,"name":"Polityka prywatno\u015bci"}]},{"@type":"WebSite","@id":"https:\/\/komornik.edu.pl\/#website","url":"https:\/\/komornik.edu.pl\/","name":"Komornik S\u0105dowy Warszawa Mokot\u00f3w - Aneta Jo\u0144czyk","description":"Strona internetowa Komornika S\u0105dowego ","publisher":{"@id":"https:\/\/komornik.edu.pl\/#organization"},"potentialAction":[{"@type":"SearchAction","target":{"@type":"EntryPoint","urlTemplate":"https:\/\/komornik.edu.pl\/?s={search_term_string}"},"query-input":{"@type":"PropertyValueSpecification","valueRequired":true,"valueName":"search_term_string"}}],"inLanguage":"pl-PL"},{"@type":"Organization","@id":"https:\/\/komornik.edu.pl\/#organization","name":"Komornik S\u0105dowy Warszawa Mokot\u00f3w Aneta Jo\u0144czyk","url":"https:\/\/komornik.edu.pl\/","logo":{"@type":"ImageObject","inLanguage":"pl-PL","@id":"https:\/\/komornik.edu.pl\/#\/schema\/logo\/image\/","url":"https:\/\/komornik.edu.pl\/wp-content\/uploads\/2022\/07\/orzel.png","contentUrl":"https:\/\/komornik.edu.pl\/wp-content\/uploads\/2022\/07\/orzel.png","width":744,"height":744,"caption":"Komornik S\u0105dowy Warszawa Mokot\u00f3w Aneta Jo\u0144czyk"},"image":{"@id":"https:\/\/komornik.edu.pl\/#\/schema\/logo\/image\/"}}]}},"_links":{"self":[{"href":"https:\/\/komornik.edu.pl\/index.php\/wp-json\/wp\/v2\/pages\/982","targetHints":{"allow":["GET"]}}],"collection":[{"href":"https:\/\/komornik.edu.pl\/index.php\/wp-json\/wp\/v2\/pages"}],"about":[{"href":"https:\/\/komornik.edu.pl\/index.php\/wp-json\/wp\/v2\/types\/page"}],"author":[{"embeddable":true,"href":"https:\/\/komornik.edu.pl\/index.php\/wp-json\/wp\/v2\/users\/3"}],"replies":[{"embeddable":true,"href":"https:\/\/komornik.edu.pl\/index.php\/wp-json\/wp\/v2\/comments?post=982"}],"version-history":[{"count":5,"href":"https:\/\/komornik.edu.pl\/index.php\/wp-json\/wp\/v2\/pages\/982\/revisions"}],"predecessor-version":[{"id":1335,"href":"https:\/\/komornik.edu.pl\/index.php\/wp-json\/wp\/v2\/pages\/982\/revisions\/1335"}],"wp:attachment":[{"href":"https:\/\/komornik.edu.pl\/index.php\/wp-json\/wp\/v2\/media?parent=982"}],"curies":[{"name":"wp","href":"https:\/\/api.w.org\/{rel}","templated":true}]}}